s 22010 (base 3) in base 11?
18a
Convert -2 (base 7) to base 6.
-2
What is -34 (base 16) in base 6?
-124
-4 (base 8) to base 14
-4
1 (base 9) to base 7
1
Convert -3 (base 4) to base 10.
-3
Convert 34 (base 7) to base 9.
27
Convert 0 (base 14) to base 2.
0
-1 (base 9) to base 13
-1
Convert 2 (base 6) to base 2.
10
-a (base 15) to base 13
-a
Convert 6 (base 13) to base 8.
6
What is -5 (base 8) in base 15?
-5
Convert 10 (base 8) to base 12.
8
-1334 (base 5) to base 13
-13b
What is 24 (base 15) in base 4?
202
Convert -1 (base 7) to base 15.
-1
What is 1100 (base 2) in base 15?
c
What is -2 (base 12) in base 5?
-2
6 (base 15) to base 14
6
3 (base 7) to base 13
3
What is -1 (base 9) in base 6?
-1
-11 (base 7) to base 4
-20
What is 40 (base 11) in base 16?
2c
-3 (base 11) to base 6
-3
20 (base 8) to base 16
10
What is -4 (base 11) in base 7?
-4
Convert -2321 (base 4) to base 12.
-135
What is -212 (base 3) in base 6?
-35
Convert -2a (base 15) to base 12.
-34
What is 0 (base 6) in base 7?
0
-1113 (base 4) to base 11
-7a
Convert -1 (base 14) to base 4.
-1
What is -18 (base 13) in base 16?
-15
What is 1 (base 14) in base 13?
1
What is 1 (base 11) in base 4?
1
Convert 134 (base 11) to base 12.
112
What is 1111 (base 2) in base 9?
16
Convert 3 (base 7) to base 9.
3
What is 1201 (base 6) in base 11?
243
-8f (base 16) to base 15
-98
1a (base 15) to base 10
25
Convert 1 (base 3) to base 11.
1
What is -10001 (base 2) in base 15?
-12
Convert -2 (base 14) to base 5.
-2
Convert -2 (base 12) to base 16.
-2
Convert 1 (base 5) to base 11.
1
Convert 6 (base 8) to base 5.
11
-2 (base 14) to base 3
-2
What is 0 (base 11) in base 8?
0
1 (base 5) to base 11
1
Convert -23 (base 15) to base 6.
-53
What is 2 (base 10) in base 8?
2
Convert 0 (base 11) to base 12.
0
Convert 2 (base 3) to base 9.
2
Convert -100 (base 2) to base 10.
-4
Convert 102 (base 12) to base 11.
123
What is 20 (base 14) in base 2?
11100
-6 (base 13) to base 16
-6
What is 11 (base 4) in base 16?
5
What is 21120 (base 3) in base 10?
204
3 (base 16) to base 8
3
What is -80 (base 9) in base 13?
-57
Convert -15 (base 7) to base 3.
-110
Convert -2 (base 8) to base 7.
-2
What is -24 (base 12) in base 9?
-31
Convert 5 (base 14) to base 7.
5
-33 (base 11) to base 6
-100
Convert -1 (base 8) to base 6.
-1
Convert -13 (base 6) to base 12.
-9
Convert 76 (base 14) to base 8.
150
Convert 10 (base 13) to base 14.
d
What is -321 (base 5) in base 6?
-222
Convert 20 (base 3) to base 9.
6
-12 (base 4) to base 2
-110
-30 (base 10) to base 14
-22
13 (base 6) to base 3
100
205 (base 9) to base 16
a7
Convert -2 (base 7) to base 16.
-2
Convert -404 (base 5) to base 7.
-206
-25 (base 8) to base 9
-23
What is -1 (base 2) in base 10?
-1
What is 14 (base 7) in base 13?
b
Convert 21 (base 7) to base 15.
10
Convert 10 (base 16) to base 8.
20
What is -37 (base 13) in base 16?
-2e
What is -100000 (base 2) in base 10?
-32
What is 0 (base 14) in base 7?
0
What is 2 (base 9) in base 5?
2
What is 12 (base 7) in base 12?
9
What is 3 (base 16) in base 13?
3
-110 (base 9) to base 14
-66
Convert -3 (base 7) to base 3.
-10
What is -7 (base 12) in base 3?
-21
What is 17 (base 15) in base 3?
211
Convert 6 (base 9) to base 2.
110
-31 (base 7) to base 8
-26
What is 10111 (base 2) in base 10?
23
What is 10 (base 4) in base 3?
11
-10 (base 2) to base 3
-2
What is 1 (base 10) in base 16?
1
Convert 53 (base 8) to base 4.
223
What is ab (base 13) in base 2?
10001101
-78 (base 13) to base 7
-201
2 (base 9) to base 10
2
-5 (base 8) to base 13
-5
23 (base 11) to base 6
41
What is 0 (base 9) in base 6?
0
What is -1 (base 5) in base 12?
-1
What is -16 (base 10) in base 12?
-14
-135 (base 9) to base 4
-1301
Convert 18 (base 16) to base 11.
22
3 (base 14) to base 4
3
What is -13 (base 7) in base 16?
-a
2 (base 5) to base 16
2
What is -10 (base 14) in base 3?
-112
Convert 10 (base 4) to base 2.
100
Convert -20221 (base 3) to base 14.
-d5
What is -10 (base 4) in base 11?
-4
-1 (base 9) to base 15
-1
Convert -3a (base 15) to base 8.
-67
Convert 72 (base 13) to base 8.
135
Convert -2 (base 4) to base 14.
-2
What is -5c (base 13) in base 5?
-302
11102 (base 3) to base 10
119
2 (base 5) to base 3
2
Convert a0 (base 14) to base 10.
140
-42 (base 8) to base 9
-37
9e (base 16) to base 6
422
-2 (base 5) to base 6
-2
What is 100 (base 5) in base 11?
23
-4 (base 12) to base 2
-100
What is 17 (base 13) in base 9?
22
What is -1 (base 6) in base 4?
-1
Convert 6 (base 16) to base 15.
6
33 (base 12) to base 5
124
-4 (base 6) to base 15
-4
What is -4 (base 15) in base 4?
-10
-12 (base 5) to base 10
-7
-6 (base 10) to base 15
-6
Convert -1031 (base 4) to base 10.
-77
33 (base 10) to base 14
25
What is 7b (base 13) in base 12?
86
What is 12 (base 11) in base 4?
31
11 (base 4) to base 6
5
7 (base 9) to base 13
7
What is -3 (base 4) in base 11?
-3
-f (base 16) to base 9
-16
Convert -112210 (base 3) to base 14.
-207
Convert -23 (base 4) to base 9.
-12
2 (base 5) to base 7
2
0 (base 2) to base 11
0
Convert 2a (base 15) to base 2.
101000
-100 (base 2) to base 14
-4
Convert 8 (base 13) to base 15.
8
-1122 (base 3) to base 13
-35
Convert -a (base 11) to base 15.
-a
Convert 2 (base 4) to base 16.
2
-7 (base 15) to base 16
-7
Convert 79 (base 11) to base 7.
152
What is -12 (base 14) in base 9?
-17
Convert -41 (base 13) to base 16.
-35
Convert -2 (base 6) to base 12.
-2
24 (base 11) to base 2
11010
14 (base 12) to base 2
10000
What is -10 (base 3) in base 10?
-3
-301 (base 4) to base 5
-144
Convert -3 (base 5) to base 8.
-3
-7 (base 8) to base 4
-13
-313 (base 6) to base 8
-165
What is -10 (base 4) in base 15?
-4
What is -1 (base 14) in base 8?
-1
-c (base 14) to base 3
-110
What is -7b (base 15) in base 3?
-11022
Convert 7 (base 11) to base 3.
21
What is -50 (base 14) in base 3?
-2121
Convert 12 (base 6) to base 7.
11
-133 (base 13) to base 2
-11010011
Convert -7 (base 9) to base 3.
-21
Convert -223 (base 9) to base 4.
-2313
Convert 61 (base 7) to base 13.
34
What is 12 (base 5) in base 8?
7
What is 4 (base 11) in base 13?
4
What is -1 (base 16) in base 13?
-1
Convert 2 (base 10) to base 12.
2
-226 (base 8) to base 10
-150
What is -11 (base 15) in base 9?
-17
6 (base 10) to base 4
12
-4 (base 13) to base 3
-11
What is -3 (base 9) in base 15?
-3
What is -23 (base 5) in base 9?
-14
Convert -6 (base 7) to base 10.
-6
3 (base 10) to base 3
10
10 (base 6) to base 16
6
161 (base 11) to base 7
356
What is 4 (base 16) in base 11?
4
Convert 1 (base 2) to base 4.
1
-9 (base 16) to base 8
-11
What is 1 (base 5) in base 9?
1
Convert -6 (base 14) to base 7.
-6
Convert 1 (base 2) to base 8.
1
1b9 (base 13) to base 2
101000001
What is -4 (base 7) in base 3?
-11
Convert -11 (base 3) to base 15.
-4
-2 (base 4) to base 14
-2
Convert 1 (base 14) to base 16.
1
2 (base 8) to base 5
2
Convert 3 (base 7) to base 9.
3
-33 (base 12) to base 6
-103
c9 (base 15) to base 5
1224
What is 11 (base 11) in base 13?
c
What is 8 (base 14) in base 2?
1000
25 (base 11) to base 8
33
Convert -6 (base 10) to base 2.
-110
What is -3 (base 14) in base 12?
-3
What is 3 (base 6) in base 9?
3
What is -3 (base 5) in base 16?
-3
What is -2 (base 10) in base 14?
-2
Convert 3 (base 5) to base 3.
10
Convert 1 (base 7) to base 14.
1
Convert -11 (base 3) to base 2.
-100
Convert 3 (base 9) to base 12.
3
-1021 (base 3) to base 11
-31
Convert 60 (base 10) to base 4.
330
What is 44 (base 15) in base 2?
1000000
12 (base 8) to base 7
13
Convert 3 (base 11) to base 4.
3
Convert 9 (base 16) to base 2.
1001
Convert bc (base 16) to base 12.
138
-112 (base 3) to base 7
-20
-31 (base 8) to base 3
-221
2 (base 9) to base 8
2
What is 26 (base 15) in base 4?
210
Convert -33 (base 9) to base 5.
-110
What is 3 (base 7) in base 9?
3
What is -100011 (base 2) in base 16?
-23
0 (base 14) to base 7
0
-20 (base 6) to base 5
-22
Convert -10 (base 3) to base 13.
-3
1 (base 10) to base 2
1
Convert 226 (base 8) to base 12.
106
Convert 5 (base 14) to base 9.
5
101 (base 2) to base 6
5
Convert -13a (base 11) to base 7.
-323
What is -10111 (base 2) in base 5?
-43
3 (base 11) to base 6
3
-53 (base 8) to base 15
-2d
Convert 43 (base 7) to base 12.
27
Convert -2 (base 12) to base 14.
-2
Convert -3 (base 12) to base 14.
-3
Convert 110 (base 3) to base 6.
20
-333 (base 